e k = -2*m + 3*m. What is the units digit of m?
8
Suppose -2*t - 5*t = 7. What is the units digit of (-68)/((-16)/(-4))*t?
7
Let w(z) = z**3 + 2*z**2 - 5 + 5 + 6*z - 7*z**2. Let i be w(4). Suppose 3*d - 4*d = -i. What is the units digit of d?
8
Suppose -u + 140 = 3*u. What is the tens digit of (-7)/u + 376/5?
7
Let l(t) = -22*t**3 - 2*t**2 - 9*t - 16. What is the units digit of l(-2)?
0
Let c(x) = 2*x**2 - 5*x - 8. Suppose -2*s + 24 = -4*g - 10, 3*g = -15. Let f be c(s). Suppose m + 3*m - 44 = 5*k, -5*m - 2*k = -f. What is the tens digit of m?
1
Let y(f) be the third derivative of -f**6/120 - 7*f**5/30 - 2*f**4/3 + 11*f**3/6 + 12*f**2. What is the hundreds digit of y(-14)?
2
Suppose -3*p = p - 3*c - 16, -c = 0. Suppose 4*v = -2*t + 6 - p, 3*v = 4*t + 51. What is the units digit of 3/t*(2 - 44)?
4
Suppose 0 = -2*s + 2*i - 2, 7*s - 2*i = 3*s. Let f be (-6 - -4) + (-1 - s). What is the tens digit of (2/f)/((-1)/34)?
1
What is the units digit of (-1194)/(-13) + -2 - 48/(-312)?
0
Suppose -18340 = -46*t + 41*t. What is the hundreds digit of t?
6
Suppose 5*g + 310 = -0*g. Let r be (-1)/(-3) - 662/6. Let f = g - r. What is the units digit of f?
8
Suppose 4*v - s - 28 = 22, 0 = 2*v - s - 26. Let r = 2 - -1. Suppose 2*c - v = -c, -r*c = 3*u - 96. What is the tens digit of u?
2
Let g(k) = 21*k - 5. Let c be g(7). Suppose 3*o + 3*q = 2 + 10, -4*o - 3*q = -16. Suppose -o*b = -c - 10. What is the units digit of b?
8
Let d be 239 - 4/(-4)*4. Suppose 0 = -2*x + d - 59. Let a = x - 49. What is the units digit of a?
3
Let u = -25 + 33. Suppose -10*o + u*o = -424. What is the units digit of o?
2
What is the thousands digit of ((-8)/(16/2))/(1/(-1337))?
1
Let p(d) = -d**3 - 21*d**2 - 3*d - 186. What is the units digit of p(-23)?
1
Let f(a) = -10*a - 3. Let y = -40 - -18. Let n = -23 - y. What is the units digit of f(n)?
7
Let y = -21 - -18. Let p be (-14)/(-35)*(-8 - y). What is the tens digit of (82*1/p)/(-1)?
4
Let s(z) = -2*z + 49 - 52 + 4*z + 6*z**2. What is the tens digit of s(2)?
2
Suppose 5 = 3*i - 4. Let d be (1/(-3))/(i/(-90)). What is the units digit of d - 9 - -1*11?
2
Suppose 0 = -5*i + l + 12049, -8*i = -3*i - 3*l - 12057. What is the tens digit of i?
0
Let x(h) = -4*h**2 - 6*h - 5. Let s be x(-4). Let i = 89 + s. What is the tens digit of i?
4
What is the hundreds digit of ((-44)/(-12))/((-13)/(-7449))?
1
Let s be 888/(-30) - (-4)/(-10). Let w be (s/8)/((-1)/8). Let d = 2 + w. What is the units digit of d?
2
Let b be 29*((-2)/(-1) + 5). Let c = 317 - b. What is the units digit of c?
4
Let l = -263 - -442. Let h = -87 + l. What is the units digit of h?
2
Suppose -3*m + f + 8 = -7, 0 = 4*f. Suppose 3*l = 4 + m. Suppose -l*a = -70 + 19. What is the units digit of a?
7
Let w(h) = -2*h**2 - 26*h + 93. What is the tens digit of w(-15)?
3
What is the units digit of (-4 + 3)*9*7692/(-54)?
2
Suppose -5*o = m - 387, 3*m = 6*m - 4*o - 1256. What is the units digit of m?
2
Let l(o) = -10*o - 50. Let b be l(-6). Let j = b - -164. What is the tens digit of j?
7
Suppose 0 = 2*r - 31 + 7. What is the tens digit of 3*1*52/r?
1
Let v = -54 - -30. Let y = 54 + v. What is the tens digit of y?
3
Suppose -2*r + r - 5*g = 8, 88 = -5*r - g. Let i = r + 21. Suppose 8 = m + i, -2*p + m = -43. What is the tens digit of p?
2
Suppose -c - 146 = -5*p, 0*c + 60 = 2*p - 2*c. What is the tens digit of p?
2
Let b(d) = -d**2 + 10*d + 1. Let x = 54 + 7. Suppose 4*z - x = 5*l, 4*z + 0*l - 56 = 4*l. What is the units digit of b(z)?
0
Let y(c) = 6 + 6 - 1 + 6*c. Let u = -160 - -168. What is the tens digit of y(u)?
5
Let v(q) be the third derivative of 7*q**4/12 - 5*q**3/3 - 15*q**2. What is the units digit of v(8)?
2
Let j = 45 + -40. Suppose j*v = 17 + 173. What is the tens digit of v?
3
What is the hundreds digit of (-810)/8*33/((-2277)/368)?
5
Let j(o) = -2*o - 6. Let y be j(-5). Let p(x) = x**3 - 4*x**2 + x + 5. Let f be p(y). Let m(q) = -q**2 + 12*q - 10. What is the tens digit of m(f)?
1
Let b(g) be the first derivative of g**2/2 - 5*g + 27. Let j = -11 - -18. What is the units digit of b(j)?
2
Let z(o) = 10*o**3 + 9*o**2 + 7*o + 13. What is the hundreds digit of z(7)?
9
Let q be (-1 + (-2377)/3)*6/(-5). Suppose q = -0*d + 8*d. What is the hundreds digit of d?
1
Suppose 2*o + 3*o + 215 = 0. Let n = o - -80. What is the units digit of n?
7
Let i be (1 - 1 - 4)*-1. Let d be (-2894)/(-12) - 3*14/252. Suppose -d = -i*a - 29. What is the units digit of a?
3
Let j(f) = 30*f. Let p be j(2). Suppose 0 = -28*o + 31*o + p. What is the tens digit of (-1505)/o - 6/(-8)?
7
Let h(d) = 6 + d**3 - 5 - 9*d - 2 - 9*d**2. Let z be h(10). Suppose -p - 2*s + z = -3*s, -34 = -2*p - 2*s. What is the units digit of p?
3
Suppose -3*p - 3065 = -8*p. What is the units digit of p?
3
Let n(x) = x**2 - 6*x - 4. Let d be n(7). Suppose -d*c - 4*y = -8*c + 475, 4*c = -3*y + 380. What is the tens digit of c?
9
Let y be (4/20 + 0)*5. What is the units digit of (-4 - (-1425)/10) + y/2?
9
Let v be -12 - (3 - (3 + 1)). What is the units digit of (-1 - -1) + (34 - (v + 5))?
0
Let w = 13 + -11. Suppose 24 = 2*f - 5*s, 0*s - s + w = 3*f. Suppose -14 = -x - 2*k + f, -k + 85 = 4*x. What is the tens digit of x?
2
Suppose 3*r - 13 = -1. Suppose r*l - 5*l + 499 = 3*u, -3*u + 4*l + 524 = 0. What is the units digit of u?
8
Suppose 278*l = 291*l - 5772. What is the tens digit of l?
4
Let k(z) = -36 - 5*z + 0*z + 24. What is the tens digit of k(-14)?
5
Suppose 0 = 24*k + 13*k - 60828. What is the tens digit of k?
4
Let c be -4 - (-1)/(4/120). Let w = c - -94. Suppose -w = -4*a + 100. What is the tens digit of a?
5
Suppose -1542 = 592*c - 595*c. What is the tens digit of c?
1
Suppose 2520 = -17*j + 22*j. What is the tens digit of j?
0
Let a(w) = 25*w + 2. Let t be -4 + -1 + 1 - -3. Let n be a(t). Let r = 55 + n. What is the tens digit of r?
3
Suppose -4*c = 5*y + 120 - 847, 4*y - 190 = -c. What is the tens digit of c?
7
Let s = -1335 + 2550. What is the tens digit of s?
1
Suppose -6*c = w - c - 31, 8 = -2*w + 4*c. Let i(j) = -j**3 + 20*j**2 + 5*j**3 - 4 - 6*j**3 - 8*j**2 + 5*j + 0*j**3. What is the tens digit of i(w)?
2
Let h(l) = -2 - 4 + l**3 + l - 3*l - 2*l**2 - 2*l**3. Let a(m) = -m**3 - 3*m**2 - 3*m - 5. Let n(q) = -6*a(q) + 5*h(q). What is the units digit of n(-6)?
4
Suppose 29*p - 37*p = -9192. What is the units digit of p?
9
What is the hundreds digit of 16016/21 + (-4)/6?
7
Let d be 4/5*35/2. Let a = d + -11. What is the units digit of (-54)/45*(-50)/a?
0
Suppose -4*v + 650 + 356 = 2*p, 0 = -3*p - 2*v + 1513. What is the hundreds digit of p?
5
What is the tens digit of (0/6)/(-3) - -102?
0
Let u = 10 + -7. Suppose 3*x = 2*s - 15, 5*s + u*x = 2*x + 12. Suppose 20 = -s*v + 5*v. What is the tens digit of v?
1
Let t be -7 + 5 + (-3 - -1). Let w be 16*(4 + (-49)/t). Suppose u + 4*u = w. What is the units digit of u?
2
Let k = 222 + -154. What is the units digit of k?
8
What is the units digit of (16800/9)/14*(-3)/(-2)?
0
Suppose 7*h - 11 = 45. Suppose -r - h = -3*r. What is the units digit of r?
4
Let i(g) = -g**2 + 25*g - 12 + 0*g**2 + 31. What is the units digit of i(13)?
5
Let y(r) = 2*r + 559. What is the hundreds digit of y(0)?
5
Let p be (81/2)/((-3)/(-4)). Let m = -103 + p. Let d = 104 + m. What is the units digit of d?
5
Let j be 2996/8 + 12/8. Suppose 106 = u + 5*c, -3*c + j = 3*u + 58. Suppose -4*v + 2*s = -48 - u, -s = 3*v - 103. What is the units digit of v?
6
Let p(d) = -d**2 + 4*d + 1. Let y(s) = -6*s + 1. Let n be y(-1). Let r be p(n). Let z = r + 33. What is the tens digit of z?
1
Let a be (-113)/(-1) + -1 + -1. Suppose h + 2*i = 11, -h + 3*i + 1 - 5 = 0. Suppose 0 = -h*v + 164 + a. What is the units digit of v?
5
What is the hundreds digit of ((46*-23)/1)/((-28)/42)?
5
Suppose 0 = -3*s + 3*t + 252, -3*s - 14*t + 268 = -13*t. What is the units digit of s?
8
Let h(a) = -51*a - 186. What is the hundreds digit of h(-16)?
6
Let s(k) be the third derivative of k**5/15 - k**4/4 - 5*k**3/6 - 18*k**2. What is the tens digit of s(-5)?
2
Let i = 500 - 958. Let y = -315 - i. What is the units digit of y?
3
What is the hundreds digit of 411 + (-9)/((-45)/(-20))?
4
Suppose -3*u = 3*f - 31 - 38, f - 17 = -4*u. Suppose f = -5*h + 350. What is the units digit of h?
5
Let p(t) = 15*t - 1 - 11*t - 18*t. Let b(g) = 13*g + 1. 